or of 25806?
False
Is 275 a multiple of 11?
True
Is 17 a factor of 55216?
True
Does 124 divide 434?
False
Does 21 divide 16002?
True
Is 17 a factor of 1802?
True
Does 22 divide 1306?
False
Is 5 a factor of 2739?
False
Is 12827 a multiple of 121?
False
Is 94 a factor of 3098?
False
Does 6 divide 37108?
False
Is 769 a multiple of 5?
False
Is 57498 a multiple of 51?
False
Is 18 a factor of 358?
False
Is 72252 a multiple of 108?
True
Is 10 a factor of 5960?
True
Is 105 a factor of 2835?
True
Is 9708 a multiple of 103?
False
Does 12 divide 7164?
True
Does 16 divide 1328?
True
Is 135 a factor of 708?
False
Does 17 divide 4913?
True
Is 486 a multiple of 9?
True
Does 7 divide 630?
True
Is 5064 a multiple of 24?
True
Does 10 divide 910?
True
Does 72 divide 8988?
False
Does 7 divide 103?
False
Is 128 even?
True
Is 3549 a multiple of 91?
True
Does 11 divide 6413?
True
Does 22 divide 832?
False
Does 23 divide 1863?
True
Does 20 divide 260?
True
Does 6 divide 42?
True
Is 9 a factor of 522?
True
Does 8 divide 432?
True
Is 39 a factor of 4017?
True
Does 5 divide 3146?
False
Is 46 a factor of 17297?
False
Is 1340 a multiple of 10?
True
Is 3402 a multiple of 6?
True
Is 1539 a multiple of 27?
True
Does 31 divide 341?
True
Does 12 divide 540?
True
Is 19 a factor of 249?
False
Is 14 a factor of 36?
False
Is 616 a multiple of 6?
False
Is 752 even?
True
Is 4523 a multiple of 12?
False
Does 77 divide 16632?
True
Is 6 a factor of 144?
True
Does 3 divide 1689?
True
Is 5517 a multiple of 9?
True
Does 6 divide 28?
False
Does 50 divide 5700?
True
Does 57 divide 61646?
False
Is 1950 a multiple of 15?
True
Does 19 divide 2276?
False
Is 881 a multiple of 41?
False
Is 1062 a multiple of 118?
True
Is 96 a factor of 1928?
False
Does 4 divide 2244?
True
Is 7800 a multiple of 65?
True
Is 384 a multiple of 24?
True
Does 10 divide 490?
True
Is 6 a factor of 516?
True
Does 44 divide 2741?
False
Is 1179 a multiple of 10?
False
Is 183 a multiple of 3?
True
Does 14 divide 866?
False
Does 38 divide 3519?
False
Is 121 a factor of 4979?
False
Does 21 divide 1827?
True
Is 11267 a multiple of 21?
False
Is 77 a factor of 279?
False
Does 10 divide 1510?
True
Is 63720 a multiple of 216?
True
Is 4 a factor of 505?
False
Is 16 a factor of 1376?
True
Does 22 divide 28138?
True
Does 66 divide 1397?
False
Does 29 divide 29?
True
Is 14 a factor of 35098?
True
Is 31 a factor of 10292?
True
Is 4 a factor of 548?
True
Is 8783 a multiple of 4?
False
Does 96 divide 2016?
True
Does 10 divide 6811?
False
Does 50 divide 6941?
False
Does 8 divide 1164?
False
Does 9 divide 13563?
True
Does 81 divide 2955?
False
Is 273 a multiple of 39?
True
Is 525 a multiple of 22?
False
Is 73 a factor of 439?
False
Is 13 a factor of 58?
False
Is 746 a multiple of 29?
False
Is 1014 a multiple of 13?
True
Is 292 a multiple of 34?
False
Does 33 divide 189?
False
Does 371 divide 113114?
False
Is 8762 a multiple of 26?
True
Is 16 a factor of 376?
False
Is 131875 a multiple of 104?
False
Is 220 a multiple of 7?
False
Does 12 divide 4885?
False
Is 27 a factor of 12386?
False
Does 87 divide 435?
True
Is 248 a factor of 42373?
False
Is 202 a multiple of 12?
False
Does 23 divide 16445?
True
Is 10 a factor of 1414?
False
Is 30 a multiple of 6?
True
Is 41 a factor of 12611?
False
Is 12897 a multiple of 68?
False
Does 4 divide 65?
False
Does 176 divide 38659?
False
Is 9050 a multiple of 25?
True
Is 49 a factor of 8575?
True
Is 611 a multiple of 12?
False
Is 159 a multiple of 3?
True
Does 28 divide 230?
False
Is 31752 a multiple of 162?
True
Is 43890 a multiple of 30?
True
Is 37 a factor of 1917?
False
Is 5 a factor of 4763?
False
Does 48 divide 61791?
False
Is 53424 a multiple of 144?
True
Is 26362 a multiple of 7?
True
Does 256 divide 70912?
True
Is 17808 a multiple of 84?
True
Does 3 divide 3738?
True
Is 19 a factor of 551?
True
Does 15 divide 1512?
False
Is 476 a multiple of 62?
False
Is 25832 a multiple of 82?
False
Does 72 divide 17928?
True
Is 84 a factor of 3696?
True
Is 609 a multiple of 21?
True
Does 25 divide 10025?
True
Is 1709 a multiple of 4?
False
Does 85 divide 9605?
True
Is 8244 a multiple of 3?
True
Does 53 divide 1599?
False
Does 4 divide 348?
True
Is 72 a factor of 153360?
True
Is 1144 a multiple of 36?
False
Is 693 a multiple of 9?
True
Is 139 a factor of 1363?
False
Is 1127 a multiple of 14?
False
Is 92 a multiple of 5?
False
Is 12 a factor of 20265?
False
Is 459 a multiple of 54?
False
Is 1197 a multiple of 63?
True
Does 48 divide 7920?
True
Does 35 divide 5620?
False
Is 14325 a multiple of 118?
False
Is 4160 a multiple of 26?
True
Does 2 divide 2057?
False
Does 21 divide 8117?
False
Is 15388 a multiple of 4?
True
Is 117000 a multiple of 312?
True
Does 39 divide 46?
False
Is 2 a factor of 584?
True
Does 41 divide 1681?
True
Does 11 divide 583?
True
Does 10 divide 310?
True
Is 23 a factor of 713?
True
Is 3564 a multiple of 92?
False
Is 344 a multiple of 37?
False
Does 390 divide 98670?
True
Is 4910 a multiple of 11?
False
Does 46 divide 2215?
False
Is 6 a factor of 218?
False
Is 4 a factor of 6523?
False
Is 436 a multiple of 7?
False
Is 10589 a multiple of 13?
False
Does 30 divide 1500?
True
Is 112 a factor of 2823?
False
Is 174 a factor of 11832?
True
Is 77 a factor of 539?
True
Does 474 divide 112292?
False
Is 336 a multiple of 3?
True
Is 48 a factor of 7728?
True
Does 110 divide 5447?
False
Is 12 a factor of 1044?
True
Is 78 a factor of 1726?
False
Is 609 a multiple of 29?
True
Does 21 divide 296?
False
Is 22 a factor of 9108?
True
Is 6117 a multiple of 3?
True
Does 10 divide 102?
False
Is 46 a multiple of 21?
False
Does 4 divide 78?
False
Does 67 divide 136?
False
Is 11 a factor of 59066?
False
Does 4 divide 68?
True
Is 1376 a multiple of 43?
True
Is 258 a multiple of 2?
True
Is 240 a multiple of 12?
True
Is 8 a factor of 6752?
True
Does 14 divide 1993?
False
Is 58 a factor of 1208?
False
Is 88 a factor of 10736?
True
Is 52 a factor of 2237?
False
Is 5243 a multiple of 83?
False
Does 50 divide 2054?
False
Is 38 a factor of 2964?
True
Is 92 a factor of 1104?
True
Is 62 a factor of 1032?
False
Does 30 divide 29490?
True
Does 12 divide 2700?
True
Is 11931 a multiple of 23?
False
Is 10643 a multiple of 210?
False
Does 6 divide 1584?
True
Is 428 a multiple of 19?
False
Does 79 divide 6162?
True
Is 594 a multiple of 27?
True
Is 2637 a multiple of 110?
False
Is 11 a factor of 712?
False
Is 22 a factor of 9262?
True
Is 29 a factor of 364?
False
Is 17042 a multiple of 55?
False
Is 2688 a multiple of 56?
True
Does 10 divide 36900?
True
Does 4 divide 128?
True
Is 108828 a multiple of 9?
True
Is 16 a factor of 5936?
True
Is 23 a factor of 2789?
False
Is 156 a multiple of 63?
False
Is 12 a factor of 1911?
False
Is 65 a factor of 730?
False
Is 25 a factor of 1787?
False
Is 675 a multiple of 27?
True
Is 21 a multiple of 7?
True
Is 57 a factor of 4325?
False
Is 10350 a multiple of 138?
True
Is 102 a multiple of 3?
True
Is 4 a factor of 1801?
False
Is 526 a multiple of 12?
False
Does 12 divide 4068?
True
Does 24 divide 352?
False
Is 82 a factor of 2807?
False
Is 28 a factor of 308?
True
Is 12 a factor of 34968?
True
Is 1079 a multiple of 8?
False
Is 53 a factor of 5410?
False
Does 14 divide 61488?
True
Does 28 divide 115080?
True
Is 42 a factor of 7434?
True
Is 13 a factor of 208?
True
Is 1066 a multiple of 13?
True
Is 23 a factor of 7659?
True
Is 141 a factor of 10569?
False
Is 41 a factor of 1107?
True
Is 13 a factor of 3146?
True
Is 14586 a multiple of 132?
False
Does 18 divide 2353?
False
Does 44 divide 9724?
True
Is 268 a multiple of 18?
False
Is 39 a factor of 6320?
False
Is 744 a multiple of 8?
True
Is 1479 a multiple of 87?
True
Does 34 divide 3094?
True
Is 30756 a multiple of 72?
False
Is 11 a factor of 34935?
False
Is 3203 a multiple of 65?
False
Is 51 a factor of 3060?
True
Does 20 divide 360?
True
Does 41 divide 4797?
True
Does 25 divide 6046?
False
Is 43 a factor of 3317?
False
Is 209 a multiple of 11?
True
Is 10803 a multiple of 39?
True
Is 8363 a multiple of 14?
False
Is 5503 a multiple of 18?
False
Does 15 divide 14345?
False
Is 11 a factor of 634?
False
Is 5 a factor of 5319?
False
Is 18409 a multiple of 16?
False
Is 29334 a multiple of 17?
False
Is 3863 a multiple of 121?
False
Is 1507 a multiple of 14?
Fa